{"id":516,"date":"2020-04-28T13:56:30","date_gmt":"2020-04-28T11:56:30","guid":{"rendered":"https:\/\/menuiserie-artdubois84.fr\/?page_id=516"},"modified":"2020-05-12T11:56:47","modified_gmt":"2020-05-12T09:56:47","slug":"volets","status":"publish","type":"page","link":"https:\/\/menuiserie-artdubois84.fr\/?page_id=516","title":{"rendered":"volets"},"content":{"rendered":"\t\t<div data-elementor-type=\"wp-page\" data-elementor-id=\"516\" class=\"elementor elementor-516\" data-elementor-settings=\"[]\">\n\t\t\t\t\t\t<div class=\"elementor-inner\">\n\t\t\t\t\t\t\t<div class=\"elementor-section-wrap\">\n\t\t\t\t\t\t\t<section class=\"elementor-section elementor-top-section elementor-element elementor-element-a69641c elementor-section-boxed elementor-section-height-default elementor-section-height-default\" data-id=\"a69641c\" data-element_type=\"section\">\n\t\t\t\t\t\t<div class=\"elementor-container elementor-column-gap-default\">\n\t\t\t\t\t\t\t<div class=\"elementor-row\">\n\t\t\t\t\t<div class=\"elementor-column elementor-col-100 elementor-top-column elementor-element elementor-element-3e7547b\" data-id=\"3e7547b\" data-element_type=\"column\">\n\t\t\t<div class=\"elementor-column-wrap elementor-element-populated\">\n\t\t\t\t\t\t\t<div class=\"elementor-widget-wrap\">\n\t\t\t\t\t\t<div class=\"elementor-element elementor-element-82a7d5f elementor-widget elementor-widget-heading\" data-id=\"82a7d5f\" data-element_type=\"widget\" data-widget_type=\"heading.default\">\n\t\t\t\t<div class=\"elementor-widget-container\">\n\t\t\t<h2 class=\"elementor-heading-title elementor-size-large\">R\u00e9alisation Volet &amp; portail Art du Bois<\/h2>\t\t<\/div>\n\t\t\t\t<\/div>\n\t\t\t\t\t\t<\/div>\n\t\t\t\t\t<\/div>\n\t\t<\/div>\n\t\t\t\t\t\t\t\t<\/div>\n\t\t\t\t\t<\/div>\n\t\t<\/section>\n\t\t\t\t<section class=\"elementor-section elementor-top-section elementor-element elementor-element-edd0752 elementor-section-boxed elementor-section-height-default elementor-section-height-default\" data-id=\"edd0752\" data-element_type=\"section\">\n\t\t\t\t\t\t<div class=\"elementor-container elementor-column-gap-default\">\n\t\t\t\t\t\t\t<div class=\"elementor-row\">\n\t\t\t\t\t<div class=\"elementor-column elementor-col-100 elementor-top-column elementor-element elementor-element-4e6c359\" data-id=\"4e6c359\" data-element_type=\"column\">\n\t\t\t<div class=\"elementor-column-wrap elementor-element-populated\">\n\t\t\t\t\t\t\t<div class=\"elementor-widget-wrap\">\n\t\t\t\t\t\t<div class=\"elementor-element elementor-element-ec8fb40 elementor-arrows-position-outside elementor-pagination-position-outside elementor-widget elementor-widget-image-carousel\" data-id=\"ec8fb40\" data-element_type=\"widget\" data-settings=\"{&quot;slides_to_show&quot;:&quot;3&quot;,&quot;slides_to_scroll&quot;:&quot;3&quot;,&quot;navigation&quot;:&quot;both&quot;,&quot;autoplay&quot;:&quot;yes&quot;,&quot;pause_on_hover&quot;:&quot;yes&quot;,&quot;pause_on_interaction&quot;:&quot;yes&quot;,&quot;autoplay_speed&quot;:5000,&quot;infinite&quot;:&quot;yes&quot;,&quot;speed&quot;:500}\" data-widget_type=\"image-carousel.default\">\n\t\t\t\t<div class=\"elementor-widget-container\">\n\t\t\t\t\t<div class=\"elementor-image-carousel-wrapper swiper-container\" dir=\"ltr\">\n\t\t\t<div class=\"elementor-image-carousel swiper-wrapper\">\n\t\t\t\t\t\t\t\t<div class=\"swiper-slide\"><figure class=\"swiper-slide-inner\"><img decoding=\"async\" class=\"swiper-slide-image\" src=\"https:\/\/menuiserie-artdubois84.fr\/wp-content\/uploads\/elementor\/thumbs\/IMAG0453-ooqcuj7e9aawh4bncoy20xce7cb273arytpd15dtbs.jpg\" alt=\"volet sur mesure\" \/><figcaption class=\"elementor-image-carousel-caption\">volet sur mesure<\/figcaption><\/figure><\/div><div class=\"swiper-slide\"><figure class=\"swiper-slide-inner\"><img decoding=\"async\" class=\"swiper-slide-image\" src=\"https:\/\/menuiserie-artdubois84.fr\/wp-content\/uploads\/elementor\/thumbs\/IMAG0456-ooqcumyr0mg1rk66qqkkawe8kvsj1vppbcbay988mw.jpg\" alt=\"volets sur mesure\" \/><figcaption class=\"elementor-image-carousel-caption\">volets sur mesure<\/figcaption><\/figure><\/div><div class=\"swiper-slide\"><figure class=\"swiper-slide-inner\"><img decoding=\"async\" class=\"swiper-slide-image\" src=\"https:\/\/menuiserie-artdubois84.fr\/wp-content\/uploads\/elementor\/thumbs\/IMAG0264-ooqcuei7b44gv2ih44wx6gj38ey84ls4a6fxmrks6w.jpg\" alt=\"fabrication sur mesure\" \/><figcaption class=\"elementor-image-carousel-caption\">fabrication sur mesure<\/figcaption><\/figure><\/div><div class=\"swiper-slide\"><figure class=\"swiper-slide-inner\"><img decoding=\"async\" class=\"swiper-slide-image\" src=\"https:\/\/menuiserie-artdubois84.fr\/wp-content\/uploads\/elementor\/thumbs\/900-2-ooqctp4k6l5q5ljc8bxzt4xn70fbcrzd6ottoameuw.jpg\" alt=\"renovation de volet\" \/><figcaption class=\"elementor-image-carousel-caption\">renovation de volet<\/figcaption><\/figure><\/div><div class=\"swiper-slide\"><figure class=\"swiper-slide-inner\"><img decoding=\"async\" class=\"swiper-slide-image\" src=\"https:\/\/menuiserie-artdubois84.fr\/wp-content\/uploads\/elementor\/thumbs\/20191107_100252-ooqctwn9p9g0qh8f0f70d31by3e92ct7vq1piib9h4.jpg\" alt=\"renovation de volet\" \/><figcaption class=\"elementor-image-carousel-caption\">renovation de volet<\/figcaption><\/figure><\/div><div class=\"swiper-slide\"><figure class=\"swiper-slide-inner\"><img decoding=\"async\" class=\"swiper-slide-image\" src=\"https:\/\/menuiserie-artdubois84.fr\/wp-content\/uploads\/elementor\/thumbs\/20191107_105700-ooqcu38513p0zqyuy01ecjdk3shtk8jc8mm3vg1i9k.jpg\" alt=\"renovation volet\" \/><figcaption class=\"elementor-image-carousel-caption\">renovation volet<\/figcaption><\/figure><\/div><div class=\"swiper-slide\"><figure class=\"swiper-slide-inner\"><img decoding=\"async\" class=\"swiper-slide-image\" src=\"https:\/\/menuiserie-artdubois84.fr\/wp-content\/uploads\/elementor\/thumbs\/IMG_20200424_074558-1-oop5izbeyze5gdns1kfw1h24ej551xzfjr9a3pqx14.jpg\" alt=\"gros frederic art du bois\" \/><figcaption class=\"elementor-image-carousel-caption\">gros frederic art du bois<\/figcaption><\/figure><\/div><div class=\"swiper-slide\"><figure class=\"swiper-slide-inner\"><img decoding=\"async\" class=\"swiper-slide-image\" src=\"https:\/\/menuiserie-artdubois84.fr\/wp-content\/uploads\/elementor\/thumbs\/portail-de-jardin-oop5kjpqd1jcszduw8ti72ts1nf5vs7brieewbfans.jpg\" alt=\"fabrication de portail\" \/><figcaption class=\"elementor-image-carousel-caption\">fabrication de portail<\/figcaption><\/figure><\/div><div class=\"swiper-slide\"><figure class=\"swiper-slide-inner\"><img decoding=\"async\" class=\"swiper-slide-image\" src=\"https:\/\/menuiserie-artdubois84.fr\/wp-content\/uploads\/elementor\/thumbs\/portail-\u00e0-claire-voie-16-oop5khu1zdgs5rgl780923auuvofgdzv393fxri308.jpg\" alt=\"fabrication de portail\" \/><figcaption class=\"elementor-image-carousel-caption\">fabrication de portail<\/figcaption><\/figure><\/div><div class=\"swiper-slide\"><figure class=\"swiper-slide-inner\"><img decoding=\"async\" class=\"swiper-slide-image\" src=\"https:\/\/menuiserie-artdubois84.fr\/wp-content\/uploads\/elementor\/thumbs\/IMG-20191124-WA0017-oop5jh6cku2lkyxu5a5suujvoup446yby7ni7z0fqw.jpg\" alt=\"avant renovation\" \/><figcaption class=\"elementor-image-carousel-caption\">avant renovation<\/figcaption><\/figure><\/div><div class=\"swiper-slide\"><figure class=\"swiper-slide-inner\"><img decoding=\"async\" class=\"swiper-slide-image\" src=\"https:\/\/menuiserie-artdubois84.fr\/wp-content\/uploads\/elementor\/thumbs\/IMG-20191124-WA0015-oop5jch5mnw5yx4nwq4o0dqkpxca1pfo9ke2tl7em0.jpg\" alt=\"apres fabrication de nouveau portail coullissant\" \/><figcaption class=\"elementor-image-carousel-caption\">apres fabrication de nouveau portail coullissant<\/figcaption><\/figure><\/div><div class=\"swiper-slide\"><figure class=\"swiper-slide-inner\"><img decoding=\"async\" class=\"swiper-slide-image\" src=\"https:\/\/menuiserie-artdubois84.fr\/wp-content\/uploads\/elementor\/thumbs\/cropped-IMG_20141215_115432-ooocyj6j9piwftjegijzehyxwe8e4246hestzomz08.jpg\" alt=\"atelier de menuiserie\" \/><figcaption class=\"elementor-image-carousel-caption\">atelier de menuiserie<\/figcaption><\/figure><\/div>\t\t\t<\/div>\n\t\t\t\t\t\t\t\t\t\t\t\t<div class=\"swiper-pagination\"><\/div>\n\t\t\t\t\t\t\t\t\t\t\t\t\t<div class=\"elementor-swiper-button elementor-swiper-button-prev\">\n\t\t\t\t\t\t<i aria-hidden=\"true\" class=\"eicon-chevron-left\"><\/i>\t\t\t\t\t\t<span class=\"elementor-screen-only\">Pr\u00e9c\u00e9dent<\/span>\n\t\t\t\t\t<\/div>\n\t\t\t\t\t<div class=\"elementor-swiper-button elementor-swiper-button-next\">\n\t\t\t\t\t\t<i aria-hidden=\"true\" class=\"eicon-chevron-right\"><\/i>\t\t\t\t\t\t<span class=\"elementor-screen-only\">Suivant<\/span>\n\t\t\t\t\t<\/div>\n\t\t\t\t\t\t\t\t\t<\/div>\n\t\t\t\t<\/div>\n\t\t\t\t<\/div>\n\t\t\t\t\t\t<\/div>\n\t\t\t\t\t<\/div>\n\t\t<\/div>\n\t\t\t\t\t\t\t\t<\/div>\n\t\t\t\t\t<\/div>\n\t\t<\/section>\n\t\t\t\t<section class=\"elementor-section elementor-top-section elementor-element elementor-element-fe0b60f elementor-section-boxed elementor-section-height-default elementor-section-height-default\" data-id=\"fe0b60f\" data-element_type=\"section\">\n\t\t\t\t\t\t<div class=\"elementor-container elementor-column-gap-default\">\n\t\t\t\t\t\t\t<div class=\"elementor-row\">\n\t\t\t\t\t<div class=\"elementor-column elementor-col-100 elementor-top-column elementor-element elementor-element-e3c5c3b\" data-id=\"e3c5c3b\" data-element_type=\"column\">\n\t\t\t<div class=\"elementor-column-wrap elementor-element-populated\">\n\t\t\t\t\t\t\t<div class=\"elementor-widget-wrap\">\n\t\t\t\t\t\t<div class=\"elementor-element elementor-element-6178a5e elementor-widget__width-inherit elementor-widget elementor-widget-text-editor\" data-id=\"6178a5e\" data-element_type=\"widget\" data-widget_type=\"text-editor.default\">\n\t\t\t\t<div class=\"elementor-widget-container\">\n\t\t\t\t\t\t\t\t<div class=\"elementor-text-editor elementor-clearfix\">\n\t\t\t\t<p>Nous fabriquons, r\u00e9novons vos volets, portail&#8230;.<\/p><p>Le sur mesure est notre savoir faire depuis 1971.<\/p><p>Maitre Artisan menuisier , la fabrication de votre habitation est notre m\u00e9tiers!<\/p><p>Vous avez une id\u00e9e, nous pouvons vous la r\u00e9aliser, m\u00e9lange de mat\u00e9riaux ancien et moderne, contemporain industriel&#8230;.<\/p><p>Art du Bois r\u00e9alisation du sur mesure pour votre int\u00e9rieur et ext\u00e9rieur<\/p><p><strong>Art du Bois<\/strong><\/p><p><strong>\u00ab\u00a0Gros &amp; Fils\u00a0\u00bb<\/strong><\/p><p><strong>180 avenue de l&rsquo;\u00e9galit\u00e9<\/strong><\/p><p><strong>84800 isle sur la sorgue<\/strong><\/p><p><strong>04.90.38.40.28<\/strong><\/p>\t\t\t\t\t<\/div>\n\t\t\t\t\t\t<\/div>\n\t\t\t\t<\/div>\n\t\t\t\t\t\t<\/div>\n\t\t\t\t\t<\/div>\n\t\t<\/div>\n\t\t\t\t\t\t\t\t<\/div>\n\t\t\t\t\t<\/div>\n\t\t<\/section>\n\t\t\t\t<section class=\"elementor-section elementor-top-section elementor-element elementor-element-998c6a5 elementor-section-boxed elementor-section-height-default elementor-section-height-default\" data-id=\"998c6a5\" data-element_type=\"section\">\n\t\t\t\t\t\t<div class=\"elementor-container elementor-column-gap-default\">\n\t\t\t\t\t\t\t<div class=\"elementor-row\">\n\t\t\t\t\t<div class=\"elementor-column elementor-col-100 elementor-top-column elementor-element elementor-element-1a9d041\" data-id=\"1a9d041\" data-element_type=\"column\">\n\t\t\t<div class=\"elementor-column-wrap elementor-element-populated\">\n\t\t\t\t\t\t\t<div class=\"elementor-widget-wrap\">\n\t\t\t\t\t\t<div class=\"elementor-element elementor-element-31ed9f9 elementor-widget elementor-widget-google_maps\" data-id=\"31ed9f9\" data-element_type=\"widget\" data-widget_type=\"google_maps.default\">\n\t\t\t\t<div class=\"elementor-widget-container\">\n\t\t\t\t\t<div class=\"elementor-custom-embed\">\n\t\t\t<iframe frameborder=\"0\" scrolling=\"no\" marginheight=\"0\" marginwidth=\"0\"\n\t\t\t\t\tsrc=\"https:\/\/maps.google.com\/maps?q=180%20avenur%20de%20l%27egalit%C3%A9%20isle%20sur%20la%20sorgue&#038;t=m&#038;z=14&#038;output=embed&#038;iwloc=near\"\n\t\t\t\t\ttitle=\"180 avenur de l&#039;egalit\u00e9 isle sur la sorgue\"\n\t\t\t\t\taria-label=\"180 avenur de l&#039;egalit\u00e9 isle sur la sorgue\"\n\t\t\t><\/iframe>\n\t\t<\/div>\n\t\t\t\t<\/div>\n\t\t\t\t<\/div>\n\t\t\t\t\t\t<\/div>\n\t\t\t\t\t<\/div>\n\t\t<\/div>\n\t\t\t\t\t\t\t\t<\/div>\n\t\t\t\t\t<\/div>\n\t\t<\/section>\n\t\t\t\t\t\t<\/div>\n\t\t\t\t\t\t<\/div>\n\t\t\t\t\t<\/div>\n\t\t","protected":false},"excerpt":{"rendered":"<p>R\u00e9alisation Volet &amp; portail Art du Bois volet sur mesure volets sur mesure fabrication sur mesure renovation de volet renovation de volet renovation volet gros frederic art du bois fabrication de portail fabrication de portail avant renovation apres fabrication de nouveau portail coullissant atelier de menuiserie Pr\u00e9c\u00e9dent Suivant Nous fabriquons, r\u00e9novons vos volets, portail&#8230;. Le &hellip;<\/p>\n<p class=\"read-more\"> <a class=\"\" href=\"https:\/\/menuiserie-artdubois84.fr\/?page_id=516\"> <span class=\"screen-reader-text\">volets<\/span> Lire la suite\u00a0\u00bb<\/a><\/p>\n","protected":false},"author":1,"featured_media":0,"parent":0,"menu_order":0,"comment_status":"closed","ping_status":"closed","template":"","meta":{"footnotes":""},"class_list":["post-516","page","type-page","status-publish","hentry"],"yoast_head":"<!-- This site is optimized with the Yoast SEO plugin v15.3 - https:\/\/yoast.com\/wordpress\/plugins\/seo\/ -->\n<title>volets - ART DU BOIS &quot;Gros &amp; Fils&quot;<\/title>\n<meta name=\"robots\" content=\"index, follow, max-snippet:-1, max-image-preview:large, max-video-preview:-1\" \/>\n<link rel=\"canonical\" href=\"https:\/\/menuiserie-artdubois84.fr\/?page_id=516\" \/>\n<meta property=\"og:locale\" content=\"fr_FR\" \/>\n<meta property=\"og:type\" content=\"article\" \/>\n<meta property=\"og:title\" content=\"volets - ART DU BOIS &quot;Gros &amp; Fils&quot;\" \/>\n<meta property=\"og:description\" content=\"R\u00e9alisation Volet &amp; portail Art du Bois volet sur mesure volets sur mesure fabrication sur mesure renovation de volet renovation de volet renovation volet gros frederic art du bois fabrication de portail fabrication de portail avant renovation apres fabrication de nouveau portail coullissant atelier de menuiserie Pr\u00e9c\u00e9dent Suivant Nous fabriquons, r\u00e9novons vos volets, portail&#8230;. Le &hellip; volets Lire la suite\u00a0\u00bb\" \/>\n<meta property=\"og:url\" content=\"https:\/\/menuiserie-artdubois84.fr\/?page_id=516\" \/>\n<meta property=\"og:site_name\" content=\"ART DU BOIS &quot;Gros &amp; Fils&quot;\" \/>\n<meta property=\"article:modified_time\" content=\"2020-05-12T09:56:47+00:00\" \/>\n<meta property=\"og:image\" content=\"https:\/\/menuiserie-artdubois84.fr\/wp-content\/uploads\/elementor\/thumbs\/IMAG0453-ooqcuj7e9aawh4bncoy20xce7cb273arytpd15dtbs.jpg\" \/>\n<meta name=\"twitter:card\" content=\"summary_large_image\" \/>\n<meta name=\"twitter:label1\" content=\"\u00c9crit par\">\n\t<meta name=\"twitter:data1\" content=\"admin1174\">\n\t<meta name=\"twitter:label2\" content=\"Dur\u00e9e de lecture est.\">\n\t<meta name=\"twitter:data2\" content=\"1 minute\">\n<script type=\"application\/ld+json\" class=\"yoast-schema-graph\">{\"@context\":\"https:\/\/schema.org\",\"@graph\":[{\"@type\":\"WebSite\",\"@id\":\"https:\/\/menuiserie-artdubois84.fr\/#website\",\"url\":\"https:\/\/menuiserie-artdubois84.fr\/\",\"name\":\"ART DU BOIS &quot;Gros &amp; Fils&quot;\",\"description\":\"Menuiserie Bois  - Maitre Artisan\",\"potentialAction\":[{\"@type\":\"SearchAction\",\"target\":\"https:\/\/menuiserie-artdubois84.fr\/?s={search_term_string}\",\"query-input\":\"required name=search_term_string\"}],\"inLanguage\":\"fr-FR\"},{\"@type\":\"ImageObject\",\"@id\":\"https:\/\/menuiserie-artdubois84.fr\/?page_id=516#primaryimage\",\"inLanguage\":\"fr-FR\",\"url\":\"https:\/\/menuiserie-artdubois84.fr\/wp-content\/uploads\/elementor\/thumbs\/IMAG0453-ooqcuj7e9aawh4bncoy20xce7cb273arytpd15dtbs.jpg\"},{\"@type\":\"WebPage\",\"@id\":\"https:\/\/menuiserie-artdubois84.fr\/?page_id=516#webpage\",\"url\":\"https:\/\/menuiserie-artdubois84.fr\/?page_id=516\",\"name\":\"volets - ART DU BOIS &quot;Gros &amp; Fils&quot;\",\"isPartOf\":{\"@id\":\"https:\/\/menuiserie-artdubois84.fr\/#website\"},\"primaryImageOfPage\":{\"@id\":\"https:\/\/menuiserie-artdubois84.fr\/?page_id=516#primaryimage\"},\"datePublished\":\"2020-04-28T11:56:30+00:00\",\"dateModified\":\"2020-05-12T09:56:47+00:00\",\"inLanguage\":\"fr-FR\",\"potentialAction\":[{\"@type\":\"ReadAction\",\"target\":[\"https:\/\/menuiserie-artdubois84.fr\/?page_id=516\"]}]}]}<\/script>\n<!-- \/ Yoast SEO plugin. -->","_links":{"self":[{"href":"https:\/\/menuiserie-artdubois84.fr\/index.php?rest_route=\/wp\/v2\/pages\/516","targetHints":{"allow":["GET"]}}],"collection":[{"href":"https:\/\/menuiserie-artdubois84.fr\/index.php?rest_route=\/wp\/v2\/pages"}],"about":[{"href":"https:\/\/menuiserie-artdubois84.fr\/index.php?rest_route=\/wp\/v2\/types\/page"}],"author":[{"embeddable":true,"href":"https:\/\/menuiserie-artdubois84.fr\/index.php?rest_route=\/wp\/v2\/users\/1"}],"replies":[{"embeddable":true,"href":"https:\/\/menuiserie-artdubois84.fr\/index.php?rest_route=%2Fwp%2Fv2%2Fcomments&post=516"}],"version-history":[{"count":7,"href":"https:\/\/menuiserie-artdubois84.fr\/index.php?rest_route=\/wp\/v2\/pages\/516\/revisions"}],"predecessor-version":[{"id":1181,"href":"https:\/\/menuiserie-artdubois84.fr\/index.php?rest_route=\/wp\/v2\/pages\/516\/revisions\/1181"}],"wp:attachment":[{"href":"https:\/\/menuiserie-artdubois84.fr\/index.php?rest_route=%2Fwp%2Fv2%2Fmedia&parent=516"}],"curies":[{"name":"wp","href":"https:\/\/api.w.org\/{rel}","templated":true}]}}